
9
What is the tens digit of 140629?
2
What is the ten thousands digit of 324693?
2
What is the thousands digit of 12803994?
3
What is the millions digit of 23156679?
3
What is the tens digit of 1166402?
0
What is the hundreds digit of 702022?
0
What is the hundreds digit of 110846?
8
What is the ten thousands digit of 7519622?
1
What is the ten thousands digit of 50122?
5
What is the thousands digit of 810149?
0
What is the thousands digit of 243658?
3
What is the tens digit of 66221?
2
What is the units digit of 332108?
8
What is the thousands digit of 212863?
2
What is the tens digit of 1660738?
3
What is the thousands digit of 835812?
5
What is the units digit of 3957213?
3
What is the hundred thousands digit of 1637115?
6
What is the thousands digit of 888424?
8
What is the hundreds digit of 275430?
4
What is the millions digit of 5587966?
5
What is the hundred thousands digit of 895523?
8
What is the thousands digit of 19029116?
9
What is the units digit of 399768?
8
What is the units digit of 141720?
0
What is the hundreds digit of 987480?
4
What is the ten millions digit of 23675171?
2
What is the thousands digit of 216977?
6
What is the ten thousands digit of 215234?
1
What is the thousands digit of 62986?
2
What is the ten thousands digit of 594058?
9
What is the thousands digit of 276085?
6
What is the ten thousands digit of 4011109?
1
What is the hundreds digit of 388022?
0
What is the ten thousands digit of 16687761?
8
What is the thousands digit of 1006304?
6
What is the hundred thousands digit of 590496?
5
What is the hundreds digit of 355616?
6
What is the hundreds digit of 9024?
0
What is the units digit of 204788?
8
What is the units digit of 217571?
1
What is the ten thousands digit of 24464841?
6
What is the units digit of 163167?
7
What is the hundred thousands digit of 1178735?
1
What is the hundreds digit of 1189926?
9
What is the thousands digit of 316290?
6
What is the thousands digit of 4786185?
6
What is the tens digit of 24292160?
6
What is the hundreds digit of 13176308?
3
What is the ten thousands digit of 27937?
2
What is the thousands digit of 8766584?
6
What is the hundred thousands digit of 1432290?
4
What is the millions digit of 1636512?
1
What is the ten thousands digit of 371395?
7
What is the thousands digit of 3835619?
5
What is the hundred thousands digit of 562162?
5
What is the thousands digit of 20967176?
7
What is the ten thousands digit of 324456?
2
What is the ten thousands digit of 15860381?
6
What is the hundreds digit of 64591?
5
What is the tens digit of 32776?
7
What is the ten thousands digit of 88648?
8
What is the ten thousands digit of 386819?
8
What is the thousands digit of 539645?
9
What is the hundreds digit of 168182?
1
What is the tens digit of 3755909?
0
What is the ten thousands digit of 203374?
0
What is the thousands digit of 193456?
3
What is the hundred thousands digit of 743200?
7
What is the millions digit of 4905050?
4
What is the tens digit of 61480?
8
What is the thousands digit of 674332?
4
What is the units digit of 124764?
4
What is the ten thousands digit of 1496142?
9
What is the tens digit of 17480928?
2
What is the hundreds digit of 767623?
6
What is the millions digit of 6588302?
6
What is the tens digit of 3380167?
6
What is the units digit of 342169?
9
What is the millions digit of 1809392?
1
What is the ten thousands digit of 799207?
9
What is the thousands digit of 2734265?
4
What is the tens digit of 2526179?
7
What is the millions digit of 2212433?
2
What is the tens digit of 5695370?
7
What is the thousands digit of 1489923?
9
What is the ten thousands digit of 202539?
0
What is the thousands digit of 82307?
2
What is the hundred thousands digit of 6809594?
8
What is the ten thousands digit of 199258?
9
What is the millions digit of 7448601?
7
What is the hundred thousands digit of 1915553?
9
What is the units digit of 14477275?
5
What is the tens digit of 897081?
8
What is the units digit of 10541027?
7
What is the ten thousands digit of 49675?
4
What is the ten thousands digit of 1749036?
4
What is the hundred thousands digit of 478182?
4
What is the hundreds digit of 1542216?
2
What is the millions digit of 1553440?
1
What is the hundreds digit of 50775?
7
What is the units digit of 596793?
3
What is the ten thousands digit of 248374?
4
What is the ten thousands digit of 9522465?
2
What is the ten thousands digit of 2101101?
0
What is the thousands digit of 827608?
7
What is the hundred thousands digit of 964927?
9
What is the ten thousands digit of 677762?
7
What is the hundred thousands digit of 976493?
9
What is the thousands digit of 648375?
8
What is the units digit of 565176?
6
What is the thousands digit of 210605?
0
What is the hundred thousands digit of 27352450?
3
What is the millions digit of 11135638?
1
What is the thousands digit of 375842?
5
What is the thousands digit of 412434?
2
What is the hundred thousands digit of 438730?
4
What is the ten thousands digit of 29856408?
5
What is the hundreds digit of 437786?
7
What is the hundreds digit of 1598014?
0
What is the hundred thousands digit of 2061170?
0
What is the tens digit of 139430?
3
What is the ten thousands digit of 16499207?
9
What is the ten thousands digit of 252009?
5
What is the ten thousands digit of 7305167?
0
What is the thousands digit of 489513?
9
What is the hundreds digit of 410000?
0
What is the ten thousands digit of 232922?
3
What is the millions digit of 4337963?
4
What is the hundreds digit of 895158?
1
What is the units digit of 2380535?
5
What is the tens digit of 543402?
0
What is the millions digit of 8196842?
8
What is the ten thousands digit of 277894?
7
What is the hundreds digit of 10227031?
0
What is the thousands digit of 19921214?
1
What is the ten thousands digit of 56929?
5
What is the units digit of 2033667?
7
What is the units digit of 402180?
0
What is the hundred thousands digit of 280272?
2
What is the hundred thousands digit of 1781321?
7
What is the ten thousands digit of 53692?
5
What is the tens digit of 6868564?
6
What is the hundreds digit of 806598?
5
What is the hundreds digit of 1331717?
7
What is the hundreds digit of 276531?
5
What is the hundred thousands digit of 366810?
3
What is the tens digit of 756805?
0
What is the thousands digit of 7325129?
5
What is the thousands digit of 140557?
0
What is the thousands digit of 1730427?
0
What is the tens digit of 7904005?
0
What is the units digit of 1523273?
3
What is the tens digit of 189889?
8
What is the thousands digit of 711928?
1
What is the hundreds digit of 186684?
6
What is the tens digit of 31465?
6
What is the hundreds digit of 2179811?
8
What is the tens digit of 327541?
4
What is the hundred thousands digit of 2610484?
6
What is the millions digit of 1399479?
1
What is the ten thousands digit of 208910?
0
What is the ten thousands digit of 7908071?
0
What is the millions digit of 5250331?
5
What is the tens digit of 157543?
4
What is the units digit of 4362589?
9
What is the hundreds digit of 389777?
7
What is the thousands digit of 4145161?
5
What is the thousands digit of 395684?
5
What is the hundred thousands digit of 414420?
4
What is the hundred thousands digit of 24520116?
5
What is the units digit of 60122?
2
What is the hundred thousands digit of 6452669?
4
What is the hundred thousands digit of 9067007?
0
What is the tens digit of 24589729?
2
What is the units digit of 2591202?
2
What is the hundred thousands digit of 796147?
7
What is the ten thousands digit of 20054588?
5
What is the millions digit of 2563819?
2
What is the units digit of 310411?
1
What is the thousands digit of 3681733?
1
What is the thousands digit of 156242?
6
What is the ten thousands digit of 2006321?
0
What is the ten thousands digit of 607925?
0
What is the units digit of 10136311?
1
What is the tens digit of 57240?
4
What is the ten millions digit of 30707170?
3
What is the tens digit of 3556676?
7
What is the thousands digit of 1204349?
4
What is the hundred thousands digit of 264497?
2
What is the ten thousands digit of 594347?
9
What is the hundreds digit of 306000?
0
What is the units digit of 316439?
9
What is the ten thousands digit of 447543?
4
What is the thousands digit of 22301